lse
Does 775 divide 3738600?
True
Does 37 divide 24383?
True
Is 1565974 a multiple of 11?
False
Does 263 divide 340213?
False
Is 212 a factor of 21052660?
True
Is 5774221 a multiple of 466?
False
Is 418434 a multiple of 127?
False
Is 129689 a multiple of 20?
False
Is 19 a factor of 16506554?
True
Is 2485328 a multiple of 55?
False
Is 327 a factor of 453549?
True
Does 6 divide 21547636?
False
Does 19 divide 41667?
True
Is 159671 a multiple of 24?
False
Is 258 a factor of 279413?
False
Does 17 divide 590384?
False
Is 283 a factor of 218632?
False
Is 5366680 a multiple of 174?
False
Does 277 divide 185036?
True
Does 2048 divide 14987264?
True
Is 17 a factor of 5672050?
True
Is 11 a factor of 1599939?
True
Is 366765 a multiple of 21?
True
Is 617872 a multiple of 146?
True
Does 111 divide 87017?
False
Is 15 a factor of 1810958?
False
Is 228 a factor of 350370?
False
Is 17 a factor of 2320087?
False
Is 58 a factor of 240447?
False
Is 24800 a multiple of 40?
True
Is 518 a factor of 1887592?
True
Is 17 a factor of 40511?
True
Is 385838 a multiple of 70?
False
Does 9 divide 2393944?
False
Is 338 a factor of 25580835?
False
Is 192 a factor of 4302660?
False
Is 432 a factor of 4295376?
True
Is 323477 a multiple of 29?
False
Is 11 a factor of 321079?
True
Does 28 divide 186788?
True
Is 4602226 a multiple of 254?
True
Is 258727 a multiple of 54?
False
Is 42 a factor of 74422?
False
Does 227 divide 16487464?
True
Is 362 a factor of 257777?
False
Is 1202 a factor of 5717914?
True
Does 110 divide 61160?
True
Is 397 a factor of 2785013?
False
Does 243 divide 2220443?
False
Is 499065 a multiple of 245?
True
Is 5 a factor of 81450?
True
Is 20 a factor of 2462240?
True
Is 88 a factor of 315744?
True
Is 456481 a multiple of 29?
False
Is 12166679 a multiple of 17?
True
Is 104 a factor of 18288671?
False
Does 563 divide 14510762?
True
Is 430 a factor of 165010?
False
Is 470 a factor of 7076320?
True
Does 35 divide 353594?
False
Does 74 divide 187032?
False
Does 5 divide 3773?
False
Is 128526 a multiple of 186?
True
Is 545834 a multiple of 170?
False
Is 3314252 a multiple of 289?
True
Does 6 divide 55440?
True
Is 57820 a multiple of 7?
True
Does 63 divide 351477?
True
Is 66598 a multiple of 53?
False
Does 4 divide 867540?
True
Is 3231046 a multiple of 38?
False
Does 11 divide 7914691?
False
Does 78 divide 936?
True
Is 36 a factor of 153216?
True
Is 1088784 a multiple of 48?
True
Is 45134 even?
True
Is 29 a factor of 63061?
False
Is 2865018 a multiple of 12?
False
Is 141728 a multiple of 103?
True
Is 6 a factor of 564180?
True
Is 7676005 a multiple of 93?
False
Is 4013450 a multiple of 207?
False
Is 126 a factor of 117306?
True
Does 44 divide 5105672?
True
Is 5855 a multiple of 10?
False
Does 38 divide 1301728?
True
Is 52 a factor of 1230199?
False
Is 24 a factor of 1544166?
False
Does 160 divide 2577440?
True
Does 87 divide 106580?
False
Is 8 a factor of 447792?
True
Does 17 divide 171157?
False
Is 24840 a multiple of 69?
True
Is 67892 a multiple of 38?
False
Is 60487 a multiple of 149?
False
Does 173 divide 1643716?
False
Is 310504 a multiple of 137?
False
Does 13 divide 26386?
False
Is 524 a factor of 24931396?
True
Is 135 a factor of 3208545?
True
Does 34 divide 764286?
True
Is 15 a factor of 468836?
False
Is 37 a factor of 180651?
False
Is 340369 a multiple of 12?
False
Is 146327 a multiple of 131?
True
Is 10 a factor of 33400?
True
Is 1619246 a multiple of 16?
False
Is 45 a factor of 393120?
True
Does 10 divide 1290790?
True
Does 103 divide 3357198?
False
Does 93 divide 1919985?
True
Does 2 divide 25081?
False
Does 768 divide 118272?
True
Does 678 divide 64410?
True
Is 1476476 a multiple of 2?
True
Is 439371 a multiple of 9?
True
Does 16 divide 761952?
True
Is 2410175 a multiple of 935?
False
Is 782790 a multiple of 481?
False
Is 178438 a multiple of 26?
True
Is 2201 even?
False
Is 23348 a multiple of 449?
True
Is 443 a factor of 12789410?
True
Does 25 divide 14504352?
False
Is 4214308 a multiple of 10?
False
Is 159545 a multiple of 17?
True
Is 623 a factor of 261660?
True
Is 1622 a factor of 7021195?
False
Is 16 a factor of 6407366?
False
Is 4514459 a multiple of 176?
False
Is 534870 a multiple of 105?
True
Does 289 divide 1708370?
False
Does 1799 divide 2020990?
False
Is 6 a factor of 2202995?
False
Does 121 divide 30021?
False
Does 2 divide 37352?
True
Does 458 divide 661874?
False
Is 569073 a multiple of 11?
False
Is 698 a factor of 421620?
False
Is 473 a factor of 201025?
True
Is 44 a factor of 6816656?
True
Does 65 divide 4966975?
True
Is 455015 a multiple of 253?
False
Does 30 divide 363955?
False
Does 51 divide 2538132?
False
Is 578 a factor of 1527767?
False
Is 76 a factor of 412680?
True
Is 4370912 a multiple of 79?
True
Is 734898 a multiple of 39?
False
Is 56 a factor of 50413?
False
Does 179 divide 6793541?
False
Is 113885 a multiple of 139?
False
Is 13 a factor of 2520999?
True
Does 68 divide 108560?
False
Does 24 divide 3610128?
True
Is 812 a multiple of 4?
True
Is 8388 a multiple of 8?
False
Is 57 a factor of 1563396?
True
Is 10628982 a multiple of 819?
True
Is 47270 a multiple of 10?
True
Does 206 divide 295186?
False
Is 90 a factor of 292372?
False
Is 69 a factor of 658151?
False
Is 29631 a multiple of 249?
True
Is 451 a factor of 55581?
False
Is 43633 a multiple of 9?
False
Is 34629 a multiple of 3?
True
Does 23 divide 266915?
True
Is 26 a factor of 717455?
False
Is 211584 a multiple of 174?
True
Is 737223 a multiple of 450?
False
Does 8 divide 255163?
False
Does 73 divide 714049?
False
Is 6 a factor of 3779?
False
Is 12832 a multiple of 15?
False
Is 3252165 a multiple of 987?
True
Does 4 divide 1555973?
False
Does 11 divide 26442613?
False
Does 12 divide 24617?
False
Is 432126 a multiple of 94?
False
Does 19 divide 419490?
False
Is 144189 a multiple of 5?
False
Is 139 a factor of 42308?
False
Does 70 divide 95900?
True
Is 14 a factor of 369460?
True
Is 130 a factor of 450384?
False
Is 3 a factor of 1391769?
True
Is 13 a factor of 108445?
False
Does 16 divide 740352?
True
Does 1033 divide 3755790?
False
Is 63 a factor of 4253004?
True
Is 1974661 a multiple of 632?
False
Is 2 a factor of 427069?
False
Is 267709 a multiple of 89?
False
Does 591 divide 342481?
False
Is 16431229 a multiple of 14?
False
Is 40 a factor of 68694?
False
Is 28 a factor of 129913?
False
Is 38344 even?
True
Does 127 divide 6028201?
False
Is 11 a factor of 47927?
True
Does 70 divide 95179?
False
Is 8665335 a multiple of 63?
True
Is 727 a factor of 4132085?
False
Is 8780180 a multiple of 43?
False
Is 34385 a multiple of 65?
True
Does 18 divide 142758?
True
Does 392 divide 469934?
False
Is 32070 a multiple of 120?
False
Is 8301 a multiple of 106?
False
Does 27 divide 7084224?
False
Is 2 a factor of 1499435?
False
Is 1864988 a multiple of 23?
False
Does 13 divide 7171579?
False
Does 377 divide 239772?
True
Is 2608372 a multiple of 974?
True
Is 1021254 a multiple of 78?
True
Is 21 a factor of 869757?
True
Does 13 divide 66430?
True
Does 13 divide 140052?
False
Does 4 divide 652?
True
Does 38 divide 129960?
True
Is 6896869 a multiple of 71?
True
Does 115 divide 2802090?
True
Is 230588 a multiple of 34?
True
Is 100440 a multiple of 18?
True
Is 3 a factor of 1895560?
False
Does 34 divide 27782319?
False
Is 12 a factor of 7214184?
True
Is 646860 a multiple of 15?
True
Does 612 divide 791002?
False
Is 445247 a multiple of 37?
False
Is 367 a multiple of 367?
True
Is 16381 a multiple of 13?
False
Does 182 divide 57148?
True
Does 98 divide 2937844?
True
Does 246 divide 3377088?
True
Does 142 divide 336682?
True
Is 62 a factor of 2787644?
True
Is 37556 a multiple of 12?
False
Does 1405 divide 12909014?
False
Does 5 divide 2183294?
False
Does 351 divide 542646?
True
Is 229329 a multiple of 9?
True
Is 467962 a multiple of 91?
False
Is 33 a factor of 915587?
False
Is 27878 a multiple of 14?
False
Is 48 a factor of 3433770?
False
Is 14 a factor of 821016?
True
Is 199 a factor of 100315?
False
Is 48222 a multiple of 114?
True
Is 13 a factor of 37215?
False
Does 187 divide 519674?
False
Is 24 a factor of 2175552?
True
Is 201 a factor of 187533?
True
Does 45 divide 4250042?
False
Is 117 a factor of 5171083?
False
Is 5 a factor of 82110?
True
Is 48 a factor of 150399?
False
Is 75675 a mul